{"id":76,"date":"2018-09-23T21:52:07","date_gmt":"2018-09-23T19:52:07","guid":{"rendered":"https:\/\/www.chateau-belvoir.com\/?page_id=76"},"modified":"2018-11-03T14:18:16","modified_gmt":"2018-11-03T13:18:16","slug":"mariages-et-seminaires","status":"publish","type":"page","link":"https:\/\/www.chateau-belvoir.com\/index.php\/mariages-et-seminaires\/","title":{"rendered":"Mariages et s\u00e9minaires"},"content":{"rendered":"<span><span class=\"breadcrumb_last\">Accueil<\/span><\/span>\n<div class=\"container\">\n<section class=\"section blog\">\n<div class=\"container\">\n<div class=\"columns is-mobile\">\n<div class=\"column is-12\">\n<div class=\"content blog-post section\">\n<h2>Votre mariage au Ch\u00e2teau<\/h2>\n<p>Le Ch\u00e2teau de Belvoir est une propri\u00e9t\u00e9 de charme, un lieu magique id\u00e9al pour organiser le mariage de vos r\u00eaves.<\/p>\n<p>Sa capacit\u00e9 d&rsquo;accueil (Salles de 100 et 50 places), l&rsquo;authenticit\u00e9 des lieux charg\u00e9s d&rsquo;histoire, la possibilit\u00e9 de dresser un chapiteau sont autant d&rsquo;atouts pour r\u00e9ussir le jour le plus inoubliable de votre vie.<\/p>\n<h2>S\u00e9minaires, tournages historiques<\/h2>\n<p>Nous vous accompagnons dans la <strong>Cr\u00e9ation d\u2019\u00e9v\u00e9nements, incentives et l\u2019organisation de vos s\u00e9minaires<\/strong> et vous proposons la <em>mise \u00e0 disposition de salles de r\u00e9unions, r\u00e9ceptions, conf\u00e9rences ou cocktails, ainsi que la privatisation partielle ou totale du site<\/em>, en ad\u00e9quation avec les besoins de votre entreprise ou lors de tournages photos ou vid\u00e9o.<\/p>\n<h2>Tournages, s\u00e9ances photo, mariages et s\u00e9minaires :<\/h2>\n<p><strong>T\u00e9l. : 06 70 28 16 52<br \/><\/strong>contact@chateau-belvoir.com<br \/><br \/><br \/><\/p>\n<\/div>\n<\/div>\n<\/div>\n<\/div>\n<\/section>\n<\/div>\n\n\n<p><\/p>\n","protected":false},"excerpt":{"rendered":"<p>Votre mariage au Ch\u00e2teau Le Ch\u00e2teau de Belvoir est une propri\u00e9t\u00e9 de charme, un lieu magique id\u00e9al pour organiser le mariage de vos r\u00eaves. Sa capacit\u00e9 d&rsquo;accueil (Salles de 100 et 50 places), l&rsquo;authenticit\u00e9 des lieux charg\u00e9s d&rsquo;histoire, la possibilit\u00e9 de dresser un chapiteau sont autant d&rsquo;atouts pour r\u00e9ussir le jour le plus inoubliable de &hellip; <\/p>\n<p class=\"link-more\"><a href=\"https:\/\/www.chateau-belvoir.com\/index.php\/mariages-et-seminaires\/\" class=\"more-link\">Continuer la lecture<span class=\"screen-reader-text\"> de &laquo;&nbsp;Mariages et s\u00e9minaires&nbsp;&raquo;<\/span><\/a><\/p>\n","protected":false},"author":1,"featured_media":106,"parent":0,"menu_order":0,"comment_status":"closed","ping_status":"closed","template":"","meta":{"footnotes":""},"class_list":["post-76","page","type-page","status-publish","has-post-thumbnail","hentry"],"_links":{"self":[{"href":"https:\/\/www.chateau-belvoir.com\/index.php\/wp-json\/wp\/v2\/pages\/76","targetHints":{"allow":["GET"]}}],"collection":[{"href":"https:\/\/www.chateau-belvoir.com\/index.php\/wp-json\/wp\/v2\/pages"}],"about":[{"href":"https:\/\/www.chateau-belvoir.com\/index.php\/wp-json\/wp\/v2\/types\/page"}],"author":[{"embeddable":true,"href":"https:\/\/www.chateau-belvoir.com\/index.php\/wp-json\/wp\/v2\/users\/1"}],"replies":[{"embeddable":true,"href":"https:\/\/www.chateau-belvoir.com\/index.php\/wp-json\/wp\/v2\/comments?post=76"}],"version-history":[{"count":6,"href":"https:\/\/www.chateau-belvoir.com\/index.php\/wp-json\/wp\/v2\/pages\/76\/revisions"}],"predecessor-version":[{"id":199,"href":"https:\/\/www.chateau-belvoir.com\/index.php\/wp-json\/wp\/v2\/pages\/76\/revisions\/199"}],"wp:featuredmedia":[{"embeddable":true,"href":"https:\/\/www.chateau-belvoir.com\/index.php\/wp-json\/wp\/v2\/media\/106"}],"wp:attachment":[{"href":"https:\/\/www.chateau-belvoir.com\/index.php\/wp-json\/wp\/v2\/media?parent=76"}],"curies":[{"name":"wp","href":"https:\/\/api.w.org\/{rel}","templated":true}]}}